*q - q. What are the prime factors of o/(-8) + q/(-16)?
2, 3
Let c(x) = -2*x. Let s(z) = -z. Let i be s(5). What are the prime factors of c(i)?
2, 5
Let l be ((-3)/3)/((-2)/16). Let i = l + -5. Suppose 5*m = r + i*r + 24, 2*m = 3*r + 11. List the prime factors of m.
2
Suppose b = 9 + 22. Let i = b + 12. List the prime factors of i.
43
Let p(a) = a + 1. Let d be p(5). Suppose -y - 2 = -d. What are the prime factors of y?
2
Suppose -4*i + 6 = -2*i. Suppose -i*a - 25 = -4*a. List the prime factors of a.
5
Let d be (-2)/(-1) + 0 + 2. Suppose -2*x + 3*u + 25 = 0, 3*u - d + 40 = 3*x. What are the prime factors of x?
11
Let z be -4 - (-3 + 1) - -2. What are the prime factors of (2 - (1 - z))*18?
2, 3
Let a = 2 - 2. Let d be (-1)/4 + (-404)/(-16). Suppose a = -5*h - 3 - 2, d = 4*g + 3*h. What are the prime factors of g?
7
Let d = -35 - -120. What are the prime factors of d?
5, 17
Suppose 3*a - 4 = 8. Suppose -a*f + 14 = -3*f. List the prime factors of f.
2, 7
Suppose 0*d + 3*d = 9. Suppose -f + d = -6. List the prime factors of f.
3
Let z(o) = -o + 9. Let n be z(6). Suppose -a = -0 + n. List the prime factors of a/(-9) + (-141)/(-9).
2
Suppose -984 = -4*v - 2*v. List the prime factors of v.
2, 41
Let v = -2 + 16. What are the prime factors of v?
2, 7
Let z(i) be the second derivative of -i**5/20 + i**4/2 - 5*i**3/6 - i**2/2 + 3*i. List the prime factors of z(4).
11
Let m = 37 + -16. What are the prime factors of m?
3, 7
Let w(o) = -o - 1. Let n(q) = -2*q - 1. Let i(m) = 2*n(m) - 5*w(m). List the prime factors of i(11).
2, 7
Let p be 64/12*(-3)/(-2). Let q be p - (-2)/3*-3. List the prime factors of (0 - -3)/(q/20).
2, 5
Let f(u) = 3 - 6*u + u**3 - 2 - 2 - u + 5*u**2. List the prime factors of f(-6).
5
Let x be (0/((-4)/(-2)))/(-2). Suppose x*n - 4*n + 28 = 0. Let y(l) = -l + 10. What are the prime factors of y(n)?
3
Let r(a) = a - 4. Let l be r(-4). Let t = 2 - l. What are the prime factors of t?
2, 5
Let x(p) = -2*p - 2. Let m be x(0). List the prime factors of (3 + -12)/(-3 - m).
3
Let i(n) = -n**3 + 3*n**2 + 2*n - 2. Let z be i(-2). List the prime factors of z/2 - (-8 - -5).
2, 5
Let t = -7 - -7. Suppose 2*a = 4*p - a - 43, 3*p - a - 26 = t. List the prime factors of p.
7
Let u(m) = 2*m - 4. Let y be u(4). Suppose 3*d - 7*h + y*h = -129, 5*d - h + 195 = 0. Let i = -26 - d. List the prime factors of i.
2, 3
Suppose 2*f + 6 = 0, -3*t + 171 + 18 = 3*f. List the prime factors of t.
2, 3, 11
Suppose 0 = -r - 3*v - 9, 3*r = -r + 2*v + 6. Suppose r = -5*m - 5*t + 60, -61 = -5*m + 4*t + 8. What are the prime factors of m?
13
Let l be ((-3)/(-9))/((-2)/6). Let q be 11*-1 + -2 + l. Let h = q - -24. What are the prime factors of h?
2, 5
Let d = -70 + 117. What are the prime factors of d?
47
List the prime factors of (15/(-6))/((-22)/(-24) + -1).
2, 3, 5
What are the prime factors of ((-174)/4)/((-5)/40*6)?
2, 29
Suppose -3*a + 8*a + 3*v - 14 = 0, 0 = 2*a + 4*v - 14. What are the prime factors of a*-2 + (6 - -8)?
2, 3
Let a = -52 - -100. What are the prime factors of a?
2, 3
Let c = 19 - 2. Let r be 2*2/(4/c). Suppose 4*l + 4*y - 2*y - 24 = 0, r = l - 5*y. List the prime factors of l.
7
Let m(p) = -p**3 + 6*p**2 - 6*p + 5. Let r be m(5). Suppose r*f = 4*f - 32. List the prime factors of f.
2
Suppose 153 = -5*t + 1538. Let q = -452 + t. List the prime factors of (2/5)/((-5)/q).
2, 7
Let v(l) = l + 13. Suppose -4*q + 0*q - 36 = 0. List the prime factors of v(q).
2
Let k(h) = -h**3 + h**2 + h + 1. Let l be -5 - -4 - (0 + 0). What are the prime factors of k(l)?
2
Let l(r) = -2*r**3 + 16*r**2 - 13*r + 2. What are the prime factors of l(7)?
3
Let f(t) = t**3 + 5*t**2 - 6*t + 5. Let r be f(-6). Let o(c) = 6 - 2*c + 3*c**2 - 1 - 2*c - 2*c**2. List the prime factors of o(r).
2, 5
Suppose 23*n = 19*n + 512. What are the prime factors of n?
2
Let j(t) = -2*t**3 + 5*t**2 - 2*t + 9. Let c(z) = 3*z**3 - 4*z**2 + 3*z - 10. Let i(f) = -3*c(f) - 4*j(f). What are the prime factors of i(-8)?
2
Suppose 5*j - 1 = -16, 2*j + 181 = 5*b. What are the prime factors of b?
5, 7
Let r(d) = -d**2 - 16*d - 14. List the prime factors of r(-8).
2, 5
Let t = 66 + -41. Let w = -13 + t. List the prime factors of w.
2, 3
Let w = 16 + -22. Let v be (-2)/w - 10/3. What are the prime factors of (v/(-2))/(6/32)?
2
Let p = 110 + 98. What are the prime factors of p?
2, 13
Suppose 0*c - 5*c = -15. Suppose 4 - 10 = c*v. Let f = 0 - v. List the prime factors of f.
2
Suppose 3*m + 7 = 4*m. Let x = 18 - m. What are the prime factors of x?
11
Let f be 5/(-1)*(-28)/(-10). Let z = -10 - f. Suppose -m = z*m - 40. List the prime factors of m.
2
List the prime factors of (-30)/(-25)*125/2.
3, 5
Let t(b) = -b - 9. Let d be t(-7). Let w(f) be the first derivative of -f**4/4 + 2*f**3/3 + f**2 - f - 1. What are the prime factors of w(d)?
11
Let b(u) = -u**2 - u + 4. Let q be (0 + 1)*(1 + -1). Let p be b(q). Suppose p*i = 2*m - 50, 6*i = 5*m + 2*i - 101. List the prime factors of m.
17
Let z(f) be the first derivative of -f**3/3 + 3*f**2 + 4*f + 4. What are the prime factors of z(6)?
2
Let m(d) = d**2 - d + 7. List the prime factors of m(-7).
3, 7
Let f(h) = h**2 - h - 1. Let n(a) = a**2 - 6*a + 6. Let r(p) = 2*f(p) - n(p). Let j be r(-7). Suppose -j - 11 = -2*k. What are the prime factors of k?
2, 3
Suppose 4*o - p = -82, o - 4*p = -0*o - 13. Let f = 41 + o. Let l = -5 + f. What are the prime factors of l?
3, 5
Let h = -31 + 86. What are the prime factors of h?
5, 11
Suppose -2*m = m - 3*r + 24, -2*r = 3*m + 9. Let s(l) = l**3 + 2*l**2 + 3*l + 3. Let j be s(-2). What are the prime factors of 6 - (-2 - m)/j?
7
Suppose 0 = -2*f - 2*d - 4, -4*f + 2*f + 1 = 3*d. What are the prime factors of (-2)/f + (-292)/(-7)?
2, 3, 7
Let i(w) = -59*w**3 - 1. List the prime factors of i(-1).
2, 29
Suppose -h = -5*w - 22, -2*h + 3*w + 95 = 30. List the prime factors of h.
37
Suppose 5*k = -0*k + 30. Let q(g) = g**3 - 6*g**2 + 2*g - 8. What are the prime factors of q(k)?
2
List the prime factors of (1 + -27)*((-42)/4 + -5).
13, 31
Suppose 0 = -c + 2*c. Suppose 13 = -c*y + y. List the prime factors of y.
13
List the prime factors of 2/(-14) + 8440/35.
241
Suppose 5*b - 32 = 3. What are the prime factors of b?
7
Suppose -183 + 39 = -4*m. Suppose 3*t = -t + m. What are the prime factors of t?
3
What are the prime factors of 93/2*16/12?
2, 31
Suppose 5*m - l = 760, -2*m - 2*l = 2*m - 622. List the prime factors of m.
3, 17
Let p be 6 + 3 + -1 + 1. Let t = p - 5. What are the prime factors of t?
2
Suppose 3*i = 3*g - 345, -9*g + 4*g + 525 = 5*i. What are the prime factors of g?
2, 5, 11
Let c = 531 - 250. List the prime factors of c.
281
Let k be (0/(-2))/(-2 - -1). Suppose -2 = -g - k. Suppose 46 = 5*y + 3*b, g*y + b = 4*y - 25. What are the prime factors of y?
11
What are the prime factors of (-2 + (-159)/6)*-2?
3, 19
Suppose -m - 48 = -3*p + 2*p, -42 = -p - 5*m. List the prime factors of p.
47
Let u(q) = 12*q**3 + 4*q**2 - 11*q + 5. List the prime factors of u(2).
5, 19
Let n(p) = 4*p**3 - 3*p**2 + 2. Let t be n(2). Let i = t - 37. Let k = -10 - i. What are the prime factors of k?
5
Let y = 261 + -151. What are the prime factors of y?
2, 5, 11
Let a(o) be the second derivative of -o**3/3 - o**2/2 + o. List the prime factors of a(-4).
7
Suppose -222*x + 218*x + 704 = 0. List the prime factors of x.
2, 11
Suppose 4*m - 32 = -r, -5*r = m - 20 - 64. Suppose -2 = -f + r. What are the prime factors of f?
2, 3
Let u(j) = j**3 - 4*j**2 + 5*j - 2. Let t(h) = 2*h**2 + 5*h + 1. Let i be t(-4). Suppose -4*a - 2*w = -6, 14 = 5*a - 4*w - i. List the prime factors of u(a).
2
Let t(d) = 3*d - 21. What are the prime factors of t(11)?
2, 3
Let b(t) = 0*t + t**2 + 11 - 1 - 4*t + 12*t. Let v be 2 - (2 + -1 + 8). List the prime factors of b(v).
3
Let c = 352 - 170. What are the prime factors of c?
2, 7, 13
Let u = -232 + 378. List the prime factors of u.
2, 73
Let z(k) = -k**2 - 7*k - 10. Let q be z(-7). List the prime factors of ((-45)/q)/((-2)/(-12)).
3
Let c(q) = 8*q**2 + 2. What are the prime factors of c(-7)?
2, 197
Let r(t) = -t**3 - 2*t**2 + 2*t - 1. Let u be r(-3). Suppose -5*m + 4*x + 90 = 0, -u*x = -6*x. List the prime factors of m.
2, 3
Suppose 0 = 4*j - 3*j. Suppose -2*q + 8 = -j. Suppose 5*r = q*r + 4. List the prime factors of r.
2
Let m(b